e ten thousands digit of 43621221?
2
What is the hundred thousands digit of 1166048864?
0
What is the ten millions digit of 874335401?
7
What is the tens digit of 210191858?
5
What is the tens digit of 174897823?
2
What is the tens digit of 2024312285?
8
What is the millions digit of 4467317152?
7
What is the millions digit of 1295703102?
5
What is the billions digit of 2694608473?
2
What is the tens digit of 86796459?
5
What is the hundred thousands digit of 7346372?
3
What is the units digit of 174966970?
0
What is the ten thousands digit of 1002416433?
1
What is the hundreds digit of 106345133?
1
What is the tens digit of 4594055361?
6
What is the thousands digit of 73833362?
3
What is the hundreds digit of 158724253?
2
What is the ten thousands digit of 567463723?
6
What is the ten millions digit of 6037728501?
3
What is the hundred thousands digit of 173641300?
6
What is the tens digit of 4503846017?
1
What is the units digit of 130728210?
0
What is the millions digit of 1422060515?
2
What is the units digit of 2959710444?
4
What is the units digit of 5608562612?
2
What is the hundred thousands digit of 3746774109?
7
What is the millions digit of 2867784150?
7
What is the millions digit of 55642554?
5
What is the ten thousands digit of 492558846?
5
What is the tens digit of 1015291249?
4
What is the ten thousands digit of 1393671746?
7
What is the hundreds digit of 148936109?
1
What is the hundred thousands digit of 13196727?
1
What is the thousands digit of 616787816?
7
What is the units digit of 4129652119?
9
What is the millions digit of 2719969?
2
What is the tens digit of 1388912613?
1
What is the ten thousands digit of 14256522?
5
What is the hundreds digit of 45391413?
4
What is the tens digit of 29134496?
9
What is the thousands digit of 1605117069?
7
What is the hundred millions digit of 185480884?
1
What is the thousands digit of 40495179?
5
What is the hundreds digit of 30258747?
7
What is the hundred millions digit of 859659344?
8
What is the units digit of 2107638172?
2
What is the thousands digit of 194088042?
8
What is the hundred thousands digit of 19446473?
4
What is the hundred millions digit of 218647911?
2
What is the millions digit of 43563606?
3
What is the tens digit of 8386780526?
2
What is the millions digit of 36887006?
6
What is the thousands digit of 1515077100?
7
What is the ten millions digit of 6276345194?
7
What is the units digit of 4343972?
2
What is the millions digit of 5092342344?
2
What is the hundreds digit of 5381409?
4
What is the units digit of 47593365?
5
What is the ten millions digit of 158580197?
5
What is the units digit of 483728947?
7
What is the ten millions digit of 255568327?
5
What is the hundred thousands digit of 144412886?
4
What is the tens digit of 1097469331?
3
What is the thousands digit of 114886848?
6
What is the ten thousands digit of 317293162?
9
What is the ten millions digit of 13190337?
1
What is the ten millions digit of 419491259?
1
What is the thousands digit of 44425233?
5
What is the thousands digit of 3464482?
4
What is the ten millions digit of 185118832?
8
What is the hundreds digit of 18891119?
1
What is the billions digit of 2551530246?
2
What is the hundreds digit of 1235808981?
9
What is the tens digit of 198848339?
3
What is the hundred thousands digit of 367450529?
4
What is the ten millions digit of 206161503?
0
What is the millions digit of 73660234?
3
What is the ten millions digit of 1289553033?
8
What is the millions digit of 94920710?
4
What is the hundreds digit of 145502278?
2
What is the hundred millions digit of 1313190205?
3
What is the tens digit of 4291693827?
2
What is the millions digit of 48731252?
8
What is the units digit of 580741430?
0
What is the ten millions digit of 560590117?
6
What is the hundred thousands digit of 28756077?
7
What is the millions digit of 5797791?
5
What is the millions digit of 15598582?
5
What is the ten thousands digit of 8204421?
0
What is the millions digit of 37003236?
7
What is the hundred thousands digit of 241329108?
3
What is the ten thousands digit of 24232422?
3
What is the tens digit of 68843726?
2
What is the tens digit of 353492409?
0
What is the units digit of 129355559?
9
What is the hundred thousands digit of 1479054008?
0
What is the ten millions digit of 833641149?
3
What is the units digit of 856195854?
4
What is the thousands digit of 77187424?
7
What is the hundreds digit of 58903756?
7
What is the tens digit of 121762771?
7
What is the units digit of 43942108?
8
What is the tens digit of 167144562?
6
What is the hundred thousands digit of 83642553?
6
What is the millions digit of 97234713?
7
What is the hundred thousands digit of 144830979?
8
What is the hundreds digit of 37741507?
5
What is the ten millions digit of 791297828?
9
What is the millions digit of 983902597?
3
What is the ten thousands digit of 593961449?
6
What is the units digit of 3456755?
5
What is the millions digit of 8773587?
8
What is the millions digit of 3064998339?
4
What is the ten millions digit of 29819268?
2
What is the hundreds digit of 88559456?
4
What is the ten thousands digit of 25491461?
9
What is the thousands digit of 5936223082?
3
What is the hundreds digit of 173049420?
4
What is the tens digit of 1456641511?
1
What is the ten millions digit of 56417757?
5
What is the millions digit of 359316482?
9
What is the ten thousands digit of 106830121?
3
What is the units digit of 33965905?
5
What is the hundred millions digit of 2247890336?
2
What is the thousands digit of 96005215?
5
What is the tens digit of 462842577?
7
What is the millions digit of 779400923?
9
What is the ten thousands digit of 4098176486?
7
What is the tens digit of 190976898?
9
What is the millions digit of 3584727931?
4
What is the units digit of 2665845601?
1
What is the thousands digit of 27614764?
4
What is the units digit of 162898874?
4
What is the tens digit of 187642536?
3
What is the ten thousands digit of 789602387?
0
What is the hundred thousands digit of 260461439?
4
What is the hundreds digit of 2169664775?
7
What is the ten millions digit of 14718272?
1
What is the hundred millions digit of 206333314?
2
What is the hundred thousands digit of 9304969265?
9
What is the millions digit of 124610149?
4
What is the tens digit of 201980196?
9
What is the ten thousands digit of 1182310675?
1
What is the ten millions digit of 1136984896?
3
What is the ten millions digit of 73820472?
7
What is the ten thousands digit of 1126184050?
8
What is the ten thousands digit of 364047778?
4
What is the hundred thousands digit of 110336740?
3
What is the ten thousands digit of 107965618?
6
What is the tens digit of 1015987451?
5
What is the hundred thousands digit of 241507750?
5
What is the units digit of 62399937?
7
What is the hundred millions digit of 825507748?
8
What is the millions digit of 273320488?
3
What is the hundred thousands digit of 760582818?
5
What is the hundred thousands digit of 27562591?
5
What is the units digit of 310174969?
9
What is the hundreds digit of 1081580957?
9
What is the millions digit of 6373558876?
3
What is the hundreds digit of 38414625?
6
What is the ten millions digit of 196204495?
9
What is the ten thousands digit of 1890083877?
8
What is the ten millions digit of 1066350172?
6
What is the hundred thousands digit of 1871622169?
6
What is the thousands digit of 22148304?
8
What is the millions digit of 137704779?
7
What is the millions digit of 34459463?
4
What is the thousands digit of 142600784?
0
What is the ten millions digit of 483045272?
8
What is the tens digit of 76032638?
3
What is the ten millions digit of 259206146?
5
What is the hundreds digit of 1524657381?
3
What is the units digit of 567506185?
5
What is the hundred thousands digit of 131862923?
8
What is the units digit of 52379789?
9
What is the hundreds digit of 44597414?
4
What is the tens digit of 26812604?
0
What is the ten millions digit of 14214223?
1
What is the thousands digit of 32667923?
7
What is the hundreds digit of 575748897?
8
What is the thousands digit of 74785279?
5
What is the millions digit of 5015724624?
5
What is the thousands digit of 6615539802?
9
What is the hundred millions digit of 622736386?
6
What is the uni